{"id":1639,"date":"2019-07-08T17:36:32","date_gmt":"2019-07-08T15:36:32","guid":{"rendered":"https:\/\/my-fitness.blog\/?page_id=1639"},"modified":"2019-07-08T17:36:32","modified_gmt":"2019-07-08T15:36:32","slug":"workouts-07-2019","status":"publish","type":"page","link":"https:\/\/ploetner.fit\/de\/workouts-07-2019\/","title":{"rendered":"Workouts 07\/2019"},"content":{"rendered":"\n<p class=\"wp-block-paragraph\">Den Schwerpunkt f\u00fcr Juli lege ich wieder auf das Krafttraining und einige Laufeinheiten, solange das Juli-Wetter es zul\u00e4sst. HIIT werde ich im n\u00e4chsten Monat wieder etwas st\u00e4rker betreiben, im Augenblick bevorzuge ich eher wieder schwere Gewichte. <\/p>\n\n\n<h2>Die Challenge tabellarisch<\/h2>\n<div>\n\t<table>\n\t\t<thead>\n\t\t\t<tr>\n\t\t\t\t<th>Datum<\/th>\n\t\t\t\t<th>Aktivit\u00e4t<\/th>\n\t\t\t\t<th>Dauer<\/th>\n\t\t\t<\/tr>\n\t\t<\/thead>\n\t\t<tbody>\n\t\t<\/tbody>\n\t<\/table>\n<\/div>\n\n","protected":false},"excerpt":{"rendered":"<p>Den Schwerpunkt f\u00fcr Juli lege ich wieder auf das Krafttraining und einige Laufeinheiten, solange das Juli-Wetter es zul\u00e4sst. HIIT werde ich im n\u00e4chsten Monat wieder etwas st\u00e4rker betreiben, im Augenblick bevorzuge ich eher wieder schwere Gewichte.<\/p>\n","protected":false},"author":2,"featured_media":0,"parent":0,"menu_order":1,"comment_status":"closed","ping_status":"closed","template":"","meta":{"footnotes":""},"class_list":["post-1639","page","type-page","status-publish","hentry"],"yoast_head":"<!-- This site is optimized with the Yoast SEO plugin v28.4 - https:\/\/yoast.com\/product\/yoast-seo-wordpress\/ -->\n<title>Workouts 07\/2019 - Ploetner Fitness<\/title>\n<meta name=\"description\" content=\"Den Schwerpunkt f\u00fcr Juli lege ich wieder auf das Krafttraining und einige Laufeinheiten solange das Wetter es zul\u00e4sst. Das HIIT werde ich im n\u00e4chsten Monat wieder etwas st\u00e4rker betreiben. Im Augenblick bevorzuge ich eher schwere Gewichte.\" \/>\n<meta name=\"robots\" content=\"index, follow, max-snippet:-1, max-image-preview:large, max-video-preview:-1\" \/>\n<link rel=\"canonical\" href=\"https:\/\/ploetner.fit\/de\/workouts-07-2019\/\" \/>\n<meta property=\"og:locale\" content=\"de_DE\" \/>\n<meta property=\"og:type\" content=\"article\" \/>\n<meta property=\"og:title\" content=\"Workouts 07\/2019 - Ploetner Fitness\" \/>\n<meta property=\"og:description\" content=\"Den Schwerpunkt f\u00fcr Juli lege ich wieder auf das Krafttraining und einige Laufeinheiten solange das Wetter es zul\u00e4sst. Das HIIT werde ich im n\u00e4chsten Monat wieder etwas st\u00e4rker betreiben. Im Augenblick bevorzuge ich eher schwere Gewichte.\" \/>\n<meta property=\"og:url\" content=\"https:\/\/ploetner.fit\/de\/workouts-07-2019\/\" \/>\n<meta property=\"og:site_name\" content=\"Ploetner Fitness\" \/>\n<meta name=\"twitter:card\" content=\"summary_large_image\" \/>\n<script type=\"application\/ld+json\" class=\"yoast-schema-graph\">{\"@context\":\"https:\\\/\\\/schema.org\",\"@graph\":[{\"@type\":\"WebPage\",\"@id\":\"https:\\\/\\\/ploetner.fit\\\/de\\\/workouts-07-2019\\\/\",\"url\":\"https:\\\/\\\/ploetner.fit\\\/de\\\/workouts-07-2019\\\/\",\"name\":\"Workouts 07\\\/2019 - Ploetner Fitness\",\"isPartOf\":{\"@id\":\"https:\\\/\\\/ploetner.fit\\\/de\\\/#website\"},\"datePublished\":\"2019-07-08T15:36:32+00:00\",\"description\":\"Den Schwerpunkt f\u00fcr Juli lege ich wieder auf das Krafttraining und einige Laufeinheiten solange das Wetter es zul\u00e4sst. Das HIIT werde ich im n\u00e4chsten Monat wieder etwas st\u00e4rker betreiben. Im Augenblick bevorzuge ich eher schwere Gewichte.\",\"breadcrumb\":{\"@id\":\"https:\\\/\\\/ploetner.fit\\\/de\\\/workouts-07-2019\\\/#breadcrumb\"},\"inLanguage\":\"de\",\"potentialAction\":[{\"@type\":\"ReadAction\",\"target\":[\"https:\\\/\\\/ploetner.fit\\\/de\\\/workouts-07-2019\\\/\"]}]},{\"@type\":\"BreadcrumbList\",\"@id\":\"https:\\\/\\\/ploetner.fit\\\/de\\\/workouts-07-2019\\\/#breadcrumb\",\"itemListElement\":[{\"@type\":\"ListItem\",\"position\":1,\"name\":\"Home\",\"item\":\"https:\\\/\\\/ploetner.fit\\\/de\\\/\"},{\"@type\":\"ListItem\",\"position\":2,\"name\":\"Workouts 07\\\/2019\"}]},{\"@type\":\"WebSite\",\"@id\":\"https:\\\/\\\/ploetner.fit\\\/de\\\/#website\",\"url\":\"https:\\\/\\\/ploetner.fit\\\/de\\\/\",\"name\":\"Ploetner Fitness\",\"description\":\"Personal Training\",\"publisher\":{\"@id\":\"https:\\\/\\\/ploetner.fit\\\/de\\\/#\\\/schema\\\/person\\\/571f8ada841cca782e8001b942e032c8\"},\"potentialAction\":[{\"@type\":\"SearchAction\",\"target\":{\"@type\":\"EntryPoint\",\"urlTemplate\":\"https:\\\/\\\/ploetner.fit\\\/de\\\/?s={search_term_string}\"},\"query-input\":{\"@type\":\"PropertyValueSpecification\",\"valueRequired\":true,\"valueName\":\"search_term_string\"}}],\"inLanguage\":\"de\"},{\"@type\":[\"Person\",\"Organization\"],\"@id\":\"https:\\\/\\\/ploetner.fit\\\/de\\\/#\\\/schema\\\/person\\\/571f8ada841cca782e8001b942e032c8\",\"name\":\"realloc\",\"image\":{\"@type\":\"ImageObject\",\"inLanguage\":\"de\",\"@id\":\"https:\\\/\\\/ploetner.fit\\\/de\\\/wp-content\\\/uploads\\\/sites\\\/14\\\/sites\\\/15\\\/2021\\\/02\\\/cropped-AVATAR-2-e1613154266537.png\",\"url\":\"https:\\\/\\\/ploetner.fit\\\/de\\\/wp-content\\\/uploads\\\/sites\\\/14\\\/sites\\\/15\\\/2021\\\/02\\\/cropped-AVATAR-2-e1613154266537.png\",\"contentUrl\":\"https:\\\/\\\/ploetner.fit\\\/de\\\/wp-content\\\/uploads\\\/sites\\\/14\\\/sites\\\/15\\\/2021\\\/02\\\/cropped-AVATAR-2-e1613154266537.png\",\"width\":512,\"height\":512,\"caption\":\"realloc\"},\"logo\":{\"@id\":\"https:\\\/\\\/ploetner.fit\\\/de\\\/wp-content\\\/uploads\\\/sites\\\/14\\\/sites\\\/15\\\/2021\\\/02\\\/cropped-AVATAR-2-e1613154266537.png\"},\"description\":\"Software Developer &amp; WordPress Enthusiast | Born in Germany. Reborn in Italy.\",\"sameAs\":[\"https:\\\/\\\/ploetner.io\\\/\"]}]}<\/script>\n<!-- \/ Yoast SEO plugin. -->","yoast_head_json":{"title":"Workouts 07\/2019 - Ploetner Fitness","description":"Den Schwerpunkt f\u00fcr Juli lege ich wieder auf das Krafttraining und einige Laufeinheiten solange das Wetter es zul\u00e4sst. Das HIIT werde ich im n\u00e4chsten Monat wieder etwas st\u00e4rker betreiben. Im Augenblick bevorzuge ich eher schwere Gewichte.","robots":{"index":"index","follow":"follow","max-snippet":"max-snippet:-1","max-image-preview":"max-image-preview:large","max-video-preview":"max-video-preview:-1"},"canonical":"https:\/\/ploetner.fit\/de\/workouts-07-2019\/","og_locale":"de_DE","og_type":"article","og_title":"Workouts 07\/2019 - Ploetner Fitness","og_description":"Den Schwerpunkt f\u00fcr Juli lege ich wieder auf das Krafttraining und einige Laufeinheiten solange das Wetter es zul\u00e4sst. Das HIIT werde ich im n\u00e4chsten Monat wieder etwas st\u00e4rker betreiben. Im Augenblick bevorzuge ich eher schwere Gewichte.","og_url":"https:\/\/ploetner.fit\/de\/workouts-07-2019\/","og_site_name":"Ploetner Fitness","twitter_card":"summary_large_image","schema":{"@context":"https:\/\/schema.org","@graph":[{"@type":"WebPage","@id":"https:\/\/ploetner.fit\/de\/workouts-07-2019\/","url":"https:\/\/ploetner.fit\/de\/workouts-07-2019\/","name":"Workouts 07\/2019 - Ploetner Fitness","isPartOf":{"@id":"https:\/\/ploetner.fit\/de\/#website"},"datePublished":"2019-07-08T15:36:32+00:00","description":"Den Schwerpunkt f\u00fcr Juli lege ich wieder auf das Krafttraining und einige Laufeinheiten solange das Wetter es zul\u00e4sst. Das HIIT werde ich im n\u00e4chsten Monat wieder etwas st\u00e4rker betreiben. Im Augenblick bevorzuge ich eher schwere Gewichte.","breadcrumb":{"@id":"https:\/\/ploetner.fit\/de\/workouts-07-2019\/#breadcrumb"},"inLanguage":"de","potentialAction":[{"@type":"ReadAction","target":["https:\/\/ploetner.fit\/de\/workouts-07-2019\/"]}]},{"@type":"BreadcrumbList","@id":"https:\/\/ploetner.fit\/de\/workouts-07-2019\/#breadcrumb","itemListElement":[{"@type":"ListItem","position":1,"name":"Home","item":"https:\/\/ploetner.fit\/de\/"},{"@type":"ListItem","position":2,"name":"Workouts 07\/2019"}]},{"@type":"WebSite","@id":"https:\/\/ploetner.fit\/de\/#website","url":"https:\/\/ploetner.fit\/de\/","name":"Ploetner Fitness","description":"Personal Training","publisher":{"@id":"https:\/\/ploetner.fit\/de\/#\/schema\/person\/571f8ada841cca782e8001b942e032c8"},"potentialAction":[{"@type":"SearchAction","target":{"@type":"EntryPoint","urlTemplate":"https:\/\/ploetner.fit\/de\/?s={search_term_string}"},"query-input":{"@type":"PropertyValueSpecification","valueRequired":true,"valueName":"search_term_string"}}],"inLanguage":"de"},{"@type":["Person","Organization"],"@id":"https:\/\/ploetner.fit\/de\/#\/schema\/person\/571f8ada841cca782e8001b942e032c8","name":"realloc","image":{"@type":"ImageObject","inLanguage":"de","@id":"https:\/\/ploetner.fit\/de\/wp-content\/uploads\/sites\/14\/sites\/15\/2021\/02\/cropped-AVATAR-2-e1613154266537.png","url":"https:\/\/ploetner.fit\/de\/wp-content\/uploads\/sites\/14\/sites\/15\/2021\/02\/cropped-AVATAR-2-e1613154266537.png","contentUrl":"https:\/\/ploetner.fit\/de\/wp-content\/uploads\/sites\/14\/sites\/15\/2021\/02\/cropped-AVATAR-2-e1613154266537.png","width":512,"height":512,"caption":"realloc"},"logo":{"@id":"https:\/\/ploetner.fit\/de\/wp-content\/uploads\/sites\/14\/sites\/15\/2021\/02\/cropped-AVATAR-2-e1613154266537.png"},"description":"Software Developer &amp; WordPress Enthusiast | Born in Germany. Reborn in Italy.","sameAs":["https:\/\/ploetner.io\/"]}]}},"_links":{"self":[{"href":"https:\/\/ploetner.fit\/de\/wp-json\/wp\/v2\/pages\/1639","targetHints":{"allow":["GET"]}}],"collection":[{"href":"https:\/\/ploetner.fit\/de\/wp-json\/wp\/v2\/pages"}],"about":[{"href":"https:\/\/ploetner.fit\/de\/wp-json\/wp\/v2\/types\/page"}],"author":[{"embeddable":true,"href":"https:\/\/ploetner.fit\/de\/wp-json\/wp\/v2\/users\/2"}],"replies":[{"embeddable":true,"href":"https:\/\/ploetner.fit\/de\/wp-json\/wp\/v2\/comments?post=1639"}],"version-history":[{"count":0,"href":"https:\/\/ploetner.fit\/de\/wp-json\/wp\/v2\/pages\/1639\/revisions"}],"wp:attachment":[{"href":"https:\/\/ploetner.fit\/de\/wp-json\/wp\/v2\/media?parent=1639"}],"curies":[{"name":"wp","href":"https:\/\/api.w.org\/{rel}","templated":true}]}}

<p class="wp-block-paragraph">Den Schwerpunkt für Juli lege ich wieder auf das Krafttraining und einige Laufeinheiten, solange das Juli-Wetter es zulässt. HIIT werde ich im nächsten Monat wieder etwas stärker betreiben, im Augenblick bevorzuge ich eher wieder schwere Gewichte. </p>


<h2>Die Challenge tabellarisch</h2>
<div>
	<table>
		<thead>
			<tr>
				<th>Datum</th>
				<th>Aktivität</th>
				<th>Dauer</th>
			</tr>
		</thead>
		<tbody>
		</tbody>
	</table>
</div>

<p>Den Schwerpunkt für Juli lege ich wieder auf das Krafttraining und einige Laufeinheiten, solange das Juli-Wetter es zulässt. HIIT werde ich im nächsten Monat wieder etwas stärker betreiben, im Augenblick bevorzuge ich eher wieder schwere Gewichte.</p>

<!-- This site is optimized with the Yoast SEO plugin v28.4 - https://yoast.com/product/yoast-seo-wordpress/ -->
<title>Workouts 07/2019 - Ploetner Fitness</title>
<meta name="description" content="Den Schwerpunkt für Juli lege ich wieder auf das Krafttraining und einige Laufeinheiten solange das Wetter es zulässt. Das HIIT werde ich im nächsten Monat wieder etwas stärker betreiben. Im Augenblick bevorzuge ich eher schwere Gewichte." />
<meta name="robots" content="index, follow, max-snippet:-1, max-image-preview:large, max-video-preview:-1" />
<link rel="canonical" href="https://ploetner.fit/de/workouts-07-2019/" />
<meta property="og:locale" content="de_DE" />
<meta property="og:type" content="article" />
<meta property="og:title" content="Workouts 07/2019 - Ploetner Fitness" />
<meta property="og:description" content="Den Schwerpunkt für Juli lege ich wieder auf das Krafttraining und einige Laufeinheiten solange das Wetter es zulässt. Das HIIT werde ich im nächsten Monat wieder etwas stärker betreiben. Im Augenblick bevorzuge ich eher schwere Gewichte." />
<meta property="og:url" content="https://ploetner.fit/de/workouts-07-2019/" />
<meta property="og:site_name" content="Ploetner Fitness" />
<meta name="twitter:card" content="summary_large_image" />
<script type="application/ld+json" class="yoast-schema-graph">{"@context":"https:\/\/schema.org","@graph":[{"@type":"WebPage","@id":"https:\/\/ploetner.fit\/de\/workouts-07-2019\/","url":"https:\/\/ploetner.fit\/de\/workouts-07-2019\/","name":"Workouts 07\/2019 - Ploetner Fitness","isPartOf":{"@id":"https:\/\/ploetner.fit\/de\/#website"},"datePublished":"2019-07-08T15:36:32+00:00","description":"Den Schwerpunkt für Juli lege ich wieder auf das Krafttraining und einige Laufeinheiten solange das Wetter es zulässt. Das HIIT werde ich im nächsten Monat wieder etwas stärker betreiben. Im Augenblick bevorzuge ich eher schwere Gewichte.","breadcrumb":{"@id":"https:\/\/ploetner.fit\/de\/workouts-07-2019\/#breadcrumb"},"inLanguage":"de","potentialAction":[{"@type":"ReadAction","target":["https:\/\/ploetner.fit\/de\/workouts-07-2019\/"]}]},{"@type":"BreadcrumbList","@id":"https:\/\/ploetner.fit\/de\/workouts-07-2019\/#breadcrumb","itemListElement":[{"@type":"ListItem","position":1,"name":"Home","item":"https:\/\/ploetner.fit\/de\/"},{"@type":"ListItem","position":2,"name":"Workouts 07\/2019"}]},{"@type":"WebSite","@id":"https:\/\/ploetner.fit\/de\/#website","url":"https:\/\/ploetner.fit\/de\/","name":"Ploetner Fitness","description":"Personal Training","publisher":{"@id":"https:\/\/ploetner.fit\/de\/#\/schema\/person\/571f8ada841cca782e8001b942e032c8"},"potentialAction":[{"@type":"SearchAction","target":{"@type":"EntryPoint","urlTemplate":"https:\/\/ploetner.fit\/de\/?s={search_term_string}"},"query-input":{"@type":"PropertyValueSpecification","valueRequired":true,"valueName":"search_term_string"}}],"inLanguage":"de"},{"@type":["Person","Organization"],"@id":"https:\/\/ploetner.fit\/de\/#\/schema\/person\/571f8ada841cca782e8001b942e032c8","name":"realloc","image":{"@type":"ImageObject","inLanguage":"de","@id":"https:\/\/ploetner.fit\/de\/wp-content\/uploads\/sites\/14\/sites\/15\/2021\/02\/cropped-AVATAR-2-e1613154266537.png","url":"https:\/\/ploetner.fit\/de\/wp-content\/uploads\/sites\/14\/sites\/15\/2021\/02\/cropped-AVATAR-2-e1613154266537.png","contentUrl":"https:\/\/ploetner.fit\/de\/wp-content\/uploads\/sites\/14\/sites\/15\/2021\/02\/cropped-AVATAR-2-e1613154266537.png","width":512,"height":512,"caption":"realloc"},"logo":{"@id":"https:\/\/ploetner.fit\/de\/wp-content\/uploads\/sites\/14\/sites\/15\/2021\/02\/cropped-AVATAR-2-e1613154266537.png"},"description":"Software Developer &amp; WordPress Enthusiast | Born in Germany. Reborn in Italy.","sameAs":["https:\/\/ploetner.io\/"]}]}</script>
<!-- / Yoast SEO plugin. -->

Den Schwerpunkt für Juli lege ich wieder auf das Krafttraining und einige Laufeinheiten solange das Wetter es zulässt. Das HIIT werde ich im nächsten Monat wieder etwas stärker betreiben. Im Augenblick bevorzuge ich eher schwere Gewichte.
